
False
Is 16842 a multiple of 21?
True
Is 30438 a multiple of 171?
True
Does 9 divide 2834?
False
Is 153 a multiple of 17?
True
Is 948 a multiple of 18?
False
Is 30 a factor of 23090?
False
Does 80 divide 13520?
True
Does 10 divide 540?
True
Does 217 divide 13454?
True
Is 20 a factor of 2191?
False
Is 107 a factor of 1712?
True
Does 55 divide 11715?
True
Is 17 a factor of 19987?
False
Is 35 a factor of 1365?
True
Is 3142 a multiple of 14?
False
Is 38 a factor of 45220?
True
Is 7 a factor of 26201?
True
Is 12 a factor of 107834?
False
Is 20920 a multiple of 8?
True
Does 9 divide 33053?
False
Is 38146 a multiple of 10?
False
Is 97 a factor of 4437?
False
Is 6526 a multiple of 26?
True
Does 7 divide 202?
False
Is 12 a factor of 6822?
False
Does 19 divide 956?
False
Is 6205 a multiple of 17?
True
Does 18 divide 96?
False
Does 7 divide 5978?
True
Is 4225 a multiple of 25?
True
Does 30 divide 1200?
True
Is 65062 a multiple of 24?
False
Does 2 divide 1650?
True
Is 68 a factor of 2992?
True
Is 3 a factor of 477?
True
Is 231 a multiple of 33?
True
Is 31150 a multiple of 10?
True
Is 2410 a multiple of 19?
False
Does 22 divide 98098?
True
Does 12 divide 2164?
False
Is 57 a factor of 646?
False
Is 9732 a multiple of 14?
False
Does 29 divide 6960?
True
Is 293 a factor of 41313?
True
Does 103 divide 3090?
True
Does 7 divide 39253?
False
Is 56 a factor of 12308?
False
Is 110 even?
True
Is 1022 a multiple of 14?
True
Is 100451 a multiple of 57?
False
Is 1885 a multiple of 65?
True
Is 8 a factor of 13105?
False
Is 390 a multiple of 78?
True
Is 13624 a multiple of 20?
False
Does 6 divide 244?
False
Does 15 divide 2199?
False
Does 12 divide 3540?
True
Does 122 divide 7808?
True
Does 30 divide 450?
True
Is 17 a factor of 1479?
True
Does 17 divide 1735?
False
Is 2738 a multiple of 29?
False
Does 12 divide 536?
False
Is 663 a multiple of 17?
True
Is 30780 a multiple of 298?
False
Is 39 a factor of 7917?
True
Does 151 divide 4379?
True
Is 997 a multiple of 123?
False
Is 4 a factor of 408?
True
Is 57662 a multiple of 22?
True
Is 2374 a multiple of 121?
False
Does 230 divide 31942?
False
Is 33 a factor of 1967?
False
Does 76 divide 419?
False
Is 173 a factor of 91023?
False
Is 27872 a multiple of 114?
False
Does 213 divide 7242?
True
Is 11 a factor of 34254?
True
Is 183 a factor of 64525?
False
Is 11 even?
False
Does 19 divide 52718?
False
Does 78 divide 1585?
False
Is 774 a multiple of 18?
True
Is 124 a factor of 11904?
True
Is 4 a factor of 23336?
True
Does 18 divide 8676?
True
Does 40 divide 80?
True
Is 6292 a multiple of 242?
True
Does 22 divide 81183?
False
Is 24 a factor of 10272?
True
Does 43 divide 473?
True
Is 74 a factor of 329?
False
Does 48 divide 3698?
False
Does 42 divide 1554?
True
Is 31378 a multiple of 24?
False
Does 85 divide 4622?
False
Does 8 divide 12615?
False
Is 4270 a multiple of 33?
False
Does 19 divide 35131?
True
Is 8944 a multiple of 26?
True
Is 55 a factor of 58520?
True
Does 54 divide 4644?
True
Does 59 divide 3798?
False
Is 23 a factor of 16176?
False
Does 12 divide 8988?
True
Is 59 a factor of 1947?
True
Does 248 divide 99944?
True
Is 7 a factor of 7579?
False
Does 14 divide 3608?
False
Is 3876 a multiple of 68?
True
Is 11 a factor of 825?
True
Is 22 a factor of 590?
False
Is 13 a factor of 62257?
True
Does 9 divide 13419?
True
Does 26 divide 962?
True
Is 981 a multiple of 57?
False
Is 75736 a multiple of 161?
False
Does 13 divide 5827?
False
Is 364 a multiple of 14?
True
Is 132884 a multiple of 24?
False
Does 21 divide 446?
False
Is 3384 a multiple of 46?
False
Is 458 a multiple of 12?
False
Does 7 divide 9968?
True
Is 4599 a multiple of 21?
True
Is 1173 a multiple of 13?
False
Is 52 a factor of 5312?
False
Is 9938 a multiple of 25?
False
Is 10 a factor of 700?
True
Does 77 divide 3773?
True
Is 15 a factor of 6989?
False
Is 501 a multiple of 2?
False
Is 53 a factor of 4556?
False
Is 5800 a multiple of 271?
False
Is 2606 a multiple of 13?
False
Does 13 divide 1716?
True
Does 126 divide 31472?
False
Does 22 divide 102366?
True
Is 37 a factor of 384?
False
Is 50 a multiple of 10?
True
Does 23 divide 17204?
True
Does 6 divide 2550?
True
Is 5 a factor of 466?
False
Does 121 divide 33217?
False
Is 10 a factor of 5003?
False
Is 119 a factor of 46053?
True
Does 50 divide 2600?
True
Is 28 a factor of 1736?
True
Does 63 divide 13986?
True
Does 5 divide 3458?
False
Does 8 divide 41904?
True
Does 67 divide 5923?
False
Is 1908 a multiple of 12?
True
Is 90 a factor of 30946?
False
Does 10 divide 21520?
True
Is 5395 a multiple of 28?
False
Is 44 a factor of 46195?
False
Does 51 divide 7489?
False
Is 900 a multiple of 9?
True
Is 26686 a multiple of 44?
False
Is 1451 a multiple of 31?
False
Is 11900 a multiple of 61?
False
Is 17 a factor of 3961?
True
Is 43740 a multiple of 18?
True
Is 60 a multiple of 3?
True
Is 8 a factor of 831?
False
Does 12 divide 1960?
False
Is 20512 a multiple of 211?
False
Is 158 a multiple of 8?
False
Does 9 divide 28710?
True
Is 1407 a multiple of 7?
True
Is 194 a multiple of 3?
False
Is 399 a multiple of 79?
False
Does 44 divide 26488?
True
Is 11 a factor of 88?
True
Is 129 a multiple of 3?
True
Is 24 a multiple of 3?
True
Is 21 a factor of 5250?
True
Is 13 a factor of 78?
True
Is 4 a factor of 506?
False
Is 5720 a multiple of 40?
True
Is 203 a multiple of 7?
True
Is 17369 a multiple of 33?
False
Does 25 divide 281?
False
Is 11556 a multiple of 301?
False
Is 77 a factor of 10735?
False
Does 33 divide 1639?
False
Is 1730 a multiple of 4?
False
Does 3 divide 6?
True
Is 2058 a multiple of 32?
False
Does 6 divide 25641?
False
Is 77979 a multiple of 139?
True
Does 60 divide 19920?
True
Is 700 a multiple of 10?
True
Is 988 a multiple of 34?
False
Is 12198 a multiple of 34?
False
Does 100 divide 4222?
False
Is 1200 a multiple of 75?
True
Is 36 a factor of 756?
True
Is 69 a factor of 414?
True
Is 7602 a multiple of 42?
True
Is 45 a factor of 1547?
False
Does 4 divide 608?
True
Is 57865 a multiple of 46?
False
Is 42183 a multiple of 57?
False
Is 2550 a multiple of 34?
True
Is 19 a factor of 285?
True
Is 319 a factor of 21054?
True
Is 69 a factor of 50784?
True
Does 46 divide 414?
True
Is 945 a multiple of 21?
True
Does 10 divide 5480?
True
Is 160 a factor of 21440?
True
Is 9 a factor of 110?
False
Is 9604 a multiple of 88?
False
Does 12 divide 1455?
False
Does 22 divide 6116?
True
Is 17 a factor of 131?
False
Is 9539 a multiple of 13?
False
Does 20 divide 98360?
True
Is 20 a factor of 1919?
False
Is 25 a factor of 2690?
False
Is 3 a factor of 3?
True
Does 288 divide 47260?
False
Does 8 divide 412?
False
Is 15 a factor of 4831?
False
Is 28 a factor of 21364?
True
Is 144 a multiple of 3?
True
Is 108 a factor of 19301?
False
Is 264 a multiple of 8?
True
Does 8 divide 1566?
False
Is 9 a factor of 10611?
True
Is 756 a multiple of 36?
True
Is 14 a factor of 897?
False
Is 20 a factor of 9080?
True
Does 62 divide 18013?
False
Is 29530 a multiple of 13?
False
Does 54 divide 1185?
False
Is 4 a factor of 379?
False
Is 4594 a multiple of 19?
False
Does 11 divide 485?
False
Does 13 divide 66?
False
Is 18 a factor of 33406?
False
Is 5376 a multiple of 32?
True
Is 3 a factor of 237?
True
Is 891 a multiple of 30?
False
Is 138573 a multiple of 10?
False
Is 190 a multiple of 19?
True
Is 38 a factor of 11704?
True
Is 4607 a multiple of 5?
False
Does 14 divide 490?
True
Is 5 a factor of 8296?
False
Is 12 a factor of 1195?
False
Is 4370 a multiple of 5?
True
Is 396 a multiple of 36?
True
Is 103 a factor of 1184?
False
Is 3383 a multiple of 146?
False
Is 2 a factor of 639?
False
Does 9 divide 3012?
False
Does 191 divide 8236?
False
Does 50 divide 568?
False
Is 1652 a multiple of 28?
True
Is 86337 a multiple of 219?
False
Does 420 divide 60900?
True
Is 24 a factor of 839?
False
Does 32 divide 5344?
True
Is 175 a multiple of 17?
False
Is 2875 a multiple of 23?
True
Does 41 divide 5034?
False
Does 5 divide 40?
True
Is 5187 a multiple of 39?
True
Is 11 a factor of 20994?
False
Is 2433 a multiple of 7?
False
Is 7 a factor of 17462?
False
Is 1209 a multiple of 15?
False
Does 3 divide 44?
False
Does 11 divide 7271?
True
Is 1734 a multiple of 6?
True
Is 58499 a multiple of 11?
False
Is 7 a factor of 231?
True
Is 406 a multiple of 14?
True
Is 17451 a multiple